92672 and 22113?
91
What is the highest common divisor of 208080 and 41130?
90
Calculate the greatest common divisor of 14555701 and 1211.
173
What is the greatest common divisor of 482327 and 98027?
61
Calculate the highest common divisor of 8502782 and 8870.
1774
Calculate the greatest common factor of 32480 and 108301312.
6496
Calculate the highest common factor of 178083 and 1449.
9
Calculate the greatest common divisor of 314115 and 3791295.
7305
What is the highest common divisor of 71 and 405269?
1
What is the highest common factor of 45 and 3189312?
9
Calculate the greatest common factor of 68 and 10916278.
34
Calculate the highest common divisor of 24 and 412180.
4
What is the highest common factor of 616 and 1547237384?
616
What is the greatest common factor of 695826 and 957?
87
What is the highest common factor of 234890 and 9130?
830
What is the highest common factor of 1909440 and 705780?
540
What is the highest common factor of 13132 and 2995972?
1876
Calculate the highest common factor of 2592 and 4762770.
6
What is the highest common factor of 12447675 and 29100?
75
Calculate the highest common factor of 3577660 and 91623.
4363
What is the greatest common factor of 4660 and 271220?
20
Calculate the greatest common factor of 53220 and 29244.
12
Calculate the greatest common factor of 33 and 1325980271.
11
Calculate the highest common factor of 129080592 and 18.
18
What is the highest common divisor of 176128 and 29541?
43
Calculate the highest common factor of 837981 and 16014.
51
Calculate the greatest common divisor of 30552 and 11309712.
456
Calculate the greatest common factor of 441857820 and 4920.
2460
Calculate the greatest common divisor of 34126 and 97406.
226
Calculate the greatest common factor of 3602704 and 2128.
2128
Calculate the highest common factor of 80860736 and 704.
704
What is the greatest common divisor of 856661 and 1443?
481
What is the highest common factor of 5416951 and 718?
359
What is the greatest common factor of 114728413 and 2039?
2039
Calculate the highest common divisor of 29017656 and 5184.
216
What is the greatest common factor of 277477 and 1947?
59
Calculate the greatest common factor of 2592 and 403758.
54
What is the highest common divisor of 286 and 512083?
143
Calculate the highest common factor of 43824 and 37597008.
3984
What is the highest common divisor of 82716 and 255468?
732
What is the greatest common factor of 1705259 and 4387?
107
Calculate the greatest common divisor of 240295 and 380358.
187
Calculate the highest common factor of 65624252 and 19.
19
What is the greatest common divisor of 22442 and 123889?
229
What is the highest common divisor of 1912650698 and 14?
14
Calculate the highest common factor of 7298960 and 3440.
80
What is the greatest common divisor of 9066 and 237707498?
3022
What is the highest common divisor of 2267745 and 33288?
4161
Calculate the greatest common factor of 10786185 and 161856.
2529
Calculate the greatest common factor of 27 and 159675867.
27
Calculate the highest common divisor of 128460316 and 2.
2
Calculate the greatest common divisor of 88736904 and 189.
27
What is the highest common factor of 2385754 and 2394?
266
Calculate the greatest common divisor of 1648284592 and 64.
16
Calculate the highest common divisor of 2710392 and 83607.
93
What is the highest common divisor of 760 and 19363660?
380
What is the greatest common divisor of 1383696986 and 3836?
1918
What is the greatest common divisor of 71441 and 19303?
199
Calculate the highest common factor of 4030057352 and 344.
344
Calculate the highest common divisor of 1768 and 1459328.
104
Calculate the highest common factor of 317754 and 1955174.
278
What is the greatest common divisor of 6621 and 13162?
1
What is the greatest common factor of 2385 and 32403935?
265
What is the greatest common divisor of 1350 and 4215450?
150
What is the highest common divisor of 45172 and 14166332?
1964
Calculate the highest common divisor of 8 and 31648184.
8
Calculate the greatest common factor of 457732629 and 13414.
6707
Calculate the highest common divisor of 2839459 and 1537055.
1819
Calculate the highest common factor of 28709934 and 9.
3
Calculate the greatest common factor of 10 and 961289090.
10
What is the greatest common divisor of 107 and 6583282?
107
Calculate the highest common factor of 19 and 90272382.
19
What is the greatest common divisor of 180 and 37555820?
20
What is the highest common divisor of 131735396 and 104?
52
Calculate the highest common factor of 284 and 20103011.
71
Calculate the greatest common divisor of 29002371 and 9.
3
Calculate the greatest common factor of 97872579 and 20223.
6741
Calculate the highest common factor of 96 and 45928032.
96
What is the highest common divisor of 18826843 and 70?
7
Calculate the highest common divisor of 522580 and 2256316.
6148
Calculate the highest common divisor of 50024 and 5858216.
1352
Calculate the highest common divisor of 722344 and 4571.
7
Calculate the highest common factor of 384 and 29395616.
32
Calculate the greatest common factor of 47166288 and 6.
6
Calculate the highest common divisor of 4968 and 5286136.
184
What is the highest common divisor of 7063741 and 1?
1
What is the greatest common divisor of 194012 and 18?
2
Calculate the highest common divisor of 57 and 7100224.
19
What is the greatest common divisor of 2 and 302487538?
2
Calculate the highest common divisor of 5691792 and 152.
152
What is the greatest common divisor of 69654 and 23936865?
2679
What is the greatest common factor of 170232 and 240096?
984
What is the greatest common divisor of 780208 and 472208?
176
What is the greatest common factor of 81070 and 14147050?
670
What is the greatest common divisor of 31554410 and 3270?
1090
Calculate the greatest common divisor of 49955972 and 55.
11
What is the greatest common factor of 72 and 110817810?
18
Calculate the greatest common factor of 43759419 and 13431.
1221
What is the highest common factor of 40945 and 894325?
2155
Calculate the greatest common divisor of 41025060 and 120.
60
What is the highest common divisor of 72814722 and 186?
186
What is the greatest common divisor of 77255860 and 660?
220
What is the greatest common divisor of 12830310 and 450?
90
Calculate the greatest common divisor of 363 and 18489042.
363
Calculate the greatest common divisor of 113276 and 9408.
4
Calculate the highest common divisor of 56 and 20067334.
14
Calculate the greatest common divisor of 1366 and 29228302.
1366
What is the greatest common factor of 51974 and 91507?
13
Calculate the highest common factor of 6734953 and 2421.
269
What is the highest common divisor of 402776 and 3168?
88
What is the greatest common factor of 961 and 647237344?
961
Calculate the highest common divisor of 1494172 and 16092.
596
What is the greatest common divisor of 496 and 628393126?
62
What is the highest common factor of 1874927 and 362677?
263
Calculate the highest common factor of 5963300 and 252.
28
Calculate the greatest common factor of 56243 and 398133971.
5113
What is the highest common factor of 936 and 68515434?
234
Calculate the greatest common factor of 736 and 3850366336.
736
Calculate the greatest common factor of 42552 and 39791439.
5319
Calculate the greatest common divisor of 15370 and 3516815.
265
What is the highest common factor of 37383919 and 57979?
1567
Calculate the highest common divisor of 111051 and 396291663.
12339
What is the highest common divisor of 7263703 and 9858?
1643
What is the highest common factor of 23324051 and 28216?
3527
Calculate the highest common factor of 194065898 and 130.
26
Calculate the greatest common divisor of 152574647 and 277.
277
Calculate the highest common factor of 386904 and 727503.
1029
What is the greatest common factor of 1190 and 32511500?
70
What is the greatest common factor of 9220143 and 23493?
573
What is the greatest common divisor of 268007 and 90412?
3229
What is the highest common divisor of 16397 and 4415108?
863
What is the greatest common divisor of 733 and 18793?
1
Calculate the highest common divisor of 1152 and 43944.
24
Calculate the highest common divisor of 12268303 and 2272.
71
What is the greatest common factor of 1652000 and 28615?
295
